t common divisor of k and u.
3
Suppose 2*y = -3*v + 459, 0 = -25*y + 23*y + 4*v + 480. Calculate the greatest common factor of y and 26.
26
Let n = 252 + -307. Suppose -74 = 5*u + 96. Let z = u - n. What is the greatest common factor of 63 and z?
21
Let b(v) = -3*v**3 - 5*v**2 - 5*v - 2. Let q be b(-3). Let j(p) = -p + 2. Let h be j(-5). What is the greatest common divisor of h and q?
7
Suppose -a = 3*f + 4*a - 8, 0 = -a - 5. Suppose 3*z - 35 = 2*z. Let w = 90 - z. Calculate the greatest common factor of f and w.
11
Suppose 5*t = 2*w + 1648, 10*w + 988 = 3*t + 9*w. Calculate the greatest common factor of 24 and t.
8
Let g = 348 - 131. Suppose -11 = 5*a - 76. Suppose 9*j + 128 = a*j - 4*p, j = 3*p + 34. Calculate the greatest common divisor of g and j.
31
Let u = -116 + 112. Let x be (483/(-14) - 6)/(2/u). Calculate the greatest common divisor of x and 54.
27
Let r = -36 - -34. Let z be 9896/18 + r/(-9). What is the greatest common factor of z and 50?
50
Let x(d) = d**2 + 25*d + 57. Let w be x(-23). Suppose -p = 4*h, -2*h + h = -2*p. Let f be 1 - (-32)/(1 + p). Calculate the greatest common factor of f and w.
11
Let m be (10/75*-5)/((-1)/(-3)). Let k be (m + (-25)/20)*-32. Calculate the highest common factor of k and 13.
13
Suppose 114*a = 113*a + 297. Let t(w) = w**2 - w - 3. Let v be t(6). Calculate the highest common divisor of a and v.
27
Let t(y) = y - 1. Let p(o) = -78*o - 8. Let x(h) = p(h) - 3*t(h). Let z be x(-1). Calculate the greatest common divisor of z and 19.
19
Suppose c - 6043 = -3*v, v + 726 = -3*c + 2727. What is the highest common factor of 96 and v?
96
Let s(o) = -4*o + 38*o**2 - 2*o - 33*o**2 + 6. Let q be s(-4). What is the greatest common factor of 10 and q?
10
Let y(p) = -p**3 + 6*p**2 + 9*p - 7. Let n be y(7). Let r = 10 - n. Suppose -5*v + r*v + 6 = 0. Calculate the highest common factor of v and 33.
3
Let p = 236 + -231. Calculate the highest common divisor of 45 and p.
5
Let t(b) = 5*b - 15. Let v be t(9). Let m = -4 + -28. Let p be 3 + -1 + m/(-8). Calculate the greatest common divisor of p and v.
6
Suppose 7 = -5*w - 28. Let k be (w + 37)*4/3. Calculate the greatest common divisor of k and 8.
8
Let p(n) = -n**2 + 3*n**2 - 6 - 3 - 7*n. Let j be p(-3). What is the greatest common factor of j and 30?
30
Let a = -19 + 27. Let g be (179 + -175)*2/4. What is the highest common divisor of a and g?
2
Let l(a) = -2*a**3 - 32*a**2 - 32*a - 18. Let d be l(-15). Let x(v) = v**2 - 3*v - 4. Let g be x(-4). Calculate the highest common divisor of g and d.
12
Let v = 56 - 45. Suppose v*g = 5*g + 30. Suppose 3*k + 38 = 2*r - 0*r, -3*r + 3*k + 63 = 0. What is the highest common factor of r and g?
5
Let k be (1 + 0)*((1 - 5) + 11). Let u be (k*2)/(((-45)/10)/(-9)). What is the greatest common divisor of u and 308?
28
Suppose -2*x = 2*n + 2*x - 596, -3*x = -n + 303. Let c = -52 + -1. Let f = 83 + c. Calculate the greatest common divisor of f and n.
30
Suppose -3*j - 3*m = -30, 0 = -5*j - m - 166 + 196. Let y be 6/(-27) + 994/18. What is the highest common factor of j and y?
5
Suppose -158 = -3*u + 247. Let c = 250 - 235. What is the greatest common divisor of u and c?
15
Let w be 5 + (40 - (-3 + -2)). Let q = 247 + w. What is the greatest common factor of 11 and q?
11
Suppose -4 = -4*r, 1708 = 3*q + r + 195. Calculate the highest common factor of 14 and q.
14
Let i(a) = a**3 - 14*a**2 - 15*a + 7. Let m be i(15). Suppose 46 = -m*o + 9*o. Calculate the greatest common factor of o and 115.
23
Let d(c) = 4*c + 28. Let w be d(-18). Let o = w - -47. Calculate the highest common divisor of o and 21.
3
Suppose 3*n = 3*s - 258, 5*s + n - 127 = 327. Let t = 6 + -3. Suppose 12 = -t*h + s. Calculate the highest common divisor of 182 and h.
26
Let d = 140 + -90. What is the highest common factor of d and 50?
50
Let j = 4 + 2. Suppose -s - 2*s = -j. Suppose -s*n = -89 - 87. What is the greatest common factor of 11 and n?
11
Let b(z) = -105*z - 580. Let r be b(-6). Suppose -p + 6*p - 4*x - 116 = 0, -4*x = 5*p - 84. Calculate the greatest common divisor of p and r.
10
Suppose 0 = -2*g + 1 + 1. Let x be 73 - (g + 6 + -4). Calculate the highest common factor of 14 and x.
14
Let o be (386/(-10) + 1)*-5. Let f = -89 + 44. Let h = f + o. Calculate the greatest common factor of 13 and h.
13
Let w(p) = p**2 + 12*p + 14. Let k be w(-11). Let v be 3 + k + -1 + -1. Suppose 0*x = 2*x - v. Calculate the highest common factor of x and 8.
2
Suppose 3*v - 2*m - 76 = 107, 5*v = 5*m + 300. Let q(s) = s - 5. Let g be q(7). Suppose -j + 5 = -g. What is the highest common divisor of v and j?
7
Let b(j) = -9*j + 48. Suppose -233 - 91 = -6*u. Let d(m) = -2. Let r(c) = u*d(c) + 2*b(c). Let g be r(-9). Calculate the greatest common divisor of 30 and g.
30
Let i be (14 - 16)/((4/(-63))/2). Let t = i - 45. Let k be ((-10)/4)/((-2)/36). What is the highest common factor of t and k?
9
Suppose 1 = i - 24. Let g = i + -18. Calculate the greatest common factor of 35 and g.
7
Let p(i) = -i**3 - 23*i**2 - 21*i + 42. Let s be p(-22). Suppose -2*o = 2*o - 240. Calculate the greatest common divisor of o and s.
20
Let n(f) = -3*f + 44*f**2 + 12 - 8*f - 43*f**2. Let c be n(10). Let z = 8 - 4. Calculate the greatest common factor of c and z.
2
Let x = -22 - -126. Calculate the greatest common factor of 78 and x.
26
Let s(z) = -z + 9. Let y be s(7). Suppose -2*r = 2*n - 4 + 6, -2*n - 5*r + 13 = 0. Let a be (30/25)/(n/(-15)). What is the highest common divisor of a and y?
1
Let u = -117 - -121. Calculate the greatest common divisor of 52 and u.
4
Let u be (-2)/(4/(-34)) - (25 + -22). Suppose -8*h - 90 = -u*h. What is the highest common divisor of h and 10?
5
Let c(z) = z**3 - 3*z**2 + 7*z - 3. Let v be c(3). Let w = v + -22. Let d be (36/15)/(w/(-60)). What is the highest common factor of 4 and d?
4
Let i be ((-24)/(-10))/(4/10). Suppose -j - 18 = -36. Calculate the highest common divisor of i and j.
6
Suppose -5592 = -7*d - 1973. Calculate the greatest common factor of d and 188.
47
Let l = -5 + 7. Suppose m = l*m - 2. Suppose -3*u = -m*u - 12. Calculate the greatest common divisor of u and 48.
12
Suppose 0 = q - 0*q - 5*r + 10, r - 50 = -3*q. Calculate the greatest common divisor of 960 and q.
15
Suppose 5*k - 8*k = 0. Suppose k = 4*z - w - 103, 5*z - 3*w = z + 109. Let n = 150 - z. What is the highest common factor of n and 25?
25
Let g = 60 + -62. Let o(b) = 23*b**2 - 8*b - 3. Let l be o(g). Suppose -2*r + 84 = 2*r. Calculate the highest common divisor of r and l.
21
Suppose -f = 2*s - 1515, -6125 = -4*f + 8*s - 3*s. Suppose 4*b = 1523 + f. Suppose -4*d = 258 - b. Calculate the highest common factor of 18 and d.
18
Let k be (-4 - -4)*3/(-6). Suppose -2*f = j + 5, k*f - 3*f - 3*j = 9. Let y be f/8 + (-99)/(-44). What is the greatest common factor of 16 and y?
2
Let q be 3 + 0/6 + 0. Suppose 5*y - 155 = -q*v, -5*v + 136 + 77 = -3*y. Calculate the highest common factor of 10 and v.
5
Let c be (3/3 - -2)*(-148)/(-12). Let p = c + 18. Calculate the highest common factor of p and 11.
11
Suppose -2*g + 3*w = 5*w + 28, -4*g - 56 = -2*w. Let p be 3*(g/42)/(1/(-30)). What is the greatest common factor of p and 90?
30
Suppose -4*a = -3*a + 5, -5*a = -k + 2066. Calculate the greatest common factor of k and 13.
13
Suppose b - 2*m = 6*b + 175, 4*b - 5*m = -107. Let t = 168 - b. Let q be t/3 + 0 + 3. What is the highest common divisor of 28 and q?
14
Let j = -2 + -4. Let v(a) = a**3 + 6*a**2 - 2. Let b be v(j). Let h = b + 23. What is the greatest common divisor of h and 7?
7
Let p(q) = -q**3 - q**2 - 3*q + 64. Let l be p(0). What is the greatest common factor of l and 24?
8
Let q = 557 + -352. Calculate the highest common divisor of 10 and q.
5
Suppose -4*x + 15 = -x, -x - 3 = -2*y. Suppose -y*a - 3*u = a - 45, 4*u - 20 = 0. What is the greatest common factor of 96 and a?
6
Let m be -5 + 7 - (-39 - 0). Suppose 31 = 2*j - m. Suppose j = s + 2*g, -g + 2*g + 4 = 0. Calculate the greatest common factor of s and 11.
11
Let j = 65 + -62. Calculate the greatest common factor of 51 and j.
3
Let t(b) = 22*b**2 - 5*b + 6. Let y be t(2). Let x = y + -62. What is the highest common factor of 110 and x?
22
Let i(y) be the second derivative of y**5/10 + y**4/6 - y**3/2 - 3*y**2/2 + y. Let k be i(3). Let w = 1